10*((-194)/(-10) - 2). Suppose -11*b + 17*b = k. Let h(s) = -4*s - 2. What is the remainder when b is divided by h(-2)?
5
Suppose -41*y = 13032 - 36689. What is the remainder when y is divided by 26?
5
Suppose -q + 14507 = 5*d, -3*d = -3*q - 0*q - 8715. What is the remainder when d is divided by 88?
86
Let q(z) = -z**2 + 22*z - 25. Let k be q(9). Let d = k + -66. Calculate the remainder when d is divided by 9.
8
Suppose -24 = -5*o - 2*b, -3*o + 2*b + 24 = -0*b. Let f(h) = 2*h + 10. Calculate the remainder when f(o) is divided by -1 + 0 + 8 + 1.
6
Let v(a) = -a**2 + 16*a - 7. Let x be v(16). What is the remainder when 35 is divided by -5*((-18)/7)/((-5)/x)?
17
Let y = 4 - 6. Calculate the remainder when 35 is divided by 2 - (1/(y/34))/1.
16
Suppose 5*r + q + 207 = 1262, -5*r + 1080 = -4*q. Suppose -4*m = -r + 12. What is the remainder when m is divided by -1*39/(-6)*2?
11
Let j = 16 - 10. Suppose 0*s - 60 = -4*s. Suppose -5*v - 5 = -s. What is the remainder when j is divided by v?
0
Suppose -n + 0*n + 3*c = 25, -5*n = 3*c + 89. Let d = -3 - n. Suppose -5*o + 5*h = -120, -d = -o + 2*h + 3*h. Calculate the remainder when 77 is divided by o.
25
Let b = 566 - 526. Calculate the remainder when b is divided by 7.
5
Let u(c) = -5*c + 37. Calculate the remainder when 8 is divided by u(7).
0
Suppose -1212 = -4*o - 5*h, -3*o - 11*h = -6*h - 909. Calculate the remainder when o is divided by 8.
7
Let u(p) = 3*p**2 - 12*p + 19. What is the remainder when 174 is divided by u(2)?
6
Let l(o) = -o + 23*o**2 - 27*o**3 + o - 24*o**2. Calculate the remainder when l(-1) is divided by 9.
8
Suppose -66 = -4*p + 42. Let l be (-4)/(-6) + (-50)/(-15) - -208. Suppose 5*n + 341 = 4*a, -l = -a - 2*a - 5*n. What is the remainder when a is divided by p?
25
Let n(g) = 2*g**2 + 22*g - 38. What is the remainder when 82 is divided by n(-13)?
12
Let y(z) = -2*z**2 - 17*z - 11. What is the remainder when y(-6) is divided by 7?
5
Let a be (0*(-4)/(-12))/2. Suppose a = -17*z + 7*z + 140. Calculate the remainder when 43 is divided by z.
1
Let y = -13 - 15. Let m = y + 16. What is the remainder when 40 is divided by (-42)/(-8)*(-32)/m?
12
Let j = 112 - 59. Let o = j - 48. What is the remainder when 14 is divided by o?
4
Let m be (-5)/(-2)*(-14)/7. Let u = 5 + m. Suppose 84 = 2*g - d - d, -g - d + 34 = u. Calculate the remainder when g is divided by 13.
12
Suppose -v + 36 = 2*v. What is the remainder when (-10450)/(-285) - ((-2)/6 - 0) is divided by (2/(-6) - -1)*v?
5
Let u = -112 + 190. Suppose 2*i + 70 = 270. Suppose 2*x + 3*x = i. Calculate the remainder when u is divided by x.
18
Suppose c - 4 = 2*i, i - 2 = c - 4. Suppose c = -b + 19 + 11. What is the remainder when 84 is divided by b?
24
Let u = -22 - -40. Let y = -436 - -523. Calculate the remainder when y is divided by u.
15
Suppose 270 = 3*o + 3*o. Let i = -24 + o. Suppose -3*n - 2*f = -14, 0 = -2*f - 2*f - 20. Calculate the remainder when i is divided by n.
5
Let w(a) = -a**3 - a**2 - a. Let q(b) = b + 4. Let x be q(-5). Suppose 0 = -g + 1 + 1. What is the remainder when g is divided by w(x)?
0
Let j be 126/3 + 2/(-2). Let l = 88 - j. Suppose 24*o = -d + 27*o, 0 = -2*o + 8. Calculate the remainder when l is divided by d.
11
Let d = -92 - -136. Calculate the remainder when d is divided by 4.
0
Let l = 88 + -172. Let p = -48 - l. Calculate the remainder when p is divided by 13.
10
Let o(n) = 3*n**2 + 8*n + 7. Suppose -t - 4*c + 24 = -c, -4*c = -8. What is the remainder when o(-6) is divided by t?
13
Suppose -30 = 5*v + 15. What is the remainder when 174 is divided by (v/(-6))/((-6)/(-176))?
42
Let g = 1091 + -1048. Suppose -82 = -y + r, r + 3*r = -4*y + 320. Calculate the remainder when y is divided by g.
38
Let f(c) = -4*c. Let a = -24 - -50. Suppose 5*z + 1 = a. What is the remainder when f(-3) is divided by z?
2
Suppose 0*w + 3*w + 2*s = 26, 0 = -4*w - 2*s + 32. Suppose 3*d - w*d + 170 = -p, -2*p + 45 = d. Calculate the remainder when d is divided by (38/(-4))/((-2)/4).
17
Suppose -6*y + 7*y - 227 = 0. Calculate the remainder when y is divided by 5*27/(-45) - 7*-7.
43
Suppose -154 = -2*l - 2*u, l - 17*u - 57 = -13*u. What is the remainder when 727 is divided by l?
70
Let m(l) = l**3 - 4*l**2 - 9*l - 2. What is the remainder when m(6) is divided by 6?
4
Suppose 8*m - 11*m = 0. Suppose m = r + 2*r - 3. Calculate the remainder when 2 is divided by r.
0
Let g(q) = 2*q**3 + q**2 + 3*q - 6. Let b be g(4). Suppose -4*i = -i. Suppose -5*n + b = -i*n. Calculate the remainder when n is divided by 16.
14
Let h(o) = -o**3 + 13*o + 16. Calculate the remainder when h(-5) is divided by 4 + (1 - 3*-12).
35
Suppose 0 = m - k - 63, -3*m - 2*m = 5*k - 285. What is the remainder when 177 is divided by m?
57
Suppose -9*t + 323 = -721. What is the remainder when t is divided by 35?
11
Let l = 76 - 51. Calculate the remainder when (0 + 6)*l/10 is divided by 6.
3
Suppose 4*m - 148 = 3*l + l, 3*l = 2*m - 78. What is the remainder when 193 is divided by m?
28
Let b = -2316 - -2335. Calculate the remainder when 43 is divided by b.
5
Let w = -5 - -24. Suppose -13*r + w*r = 186. Calculate the remainder when r is divided by 16 + 1 - (0 + 0).
14
Suppose z = 2*z - 24. Suppose 0 = 3*o - 5*o + 654. Let s = o + -233. Calculate the remainder when s is divided by z.
22
Suppose 0 = 207*k - 218*k + 1562. Calculate the remainder when 1417 is divided by k.
139
Suppose 0 = 14*w - 278 - 1164. Suppose -107*q + w*q + 648 = 0. Calculate the remainder when q is divided by 33.
30
Let z = -126 + 79. Let m = z + 100. Calculate the remainder when m is divided by 14.
11
Let u = -27 + 63. Suppose -3*w + 5*j = -35, -4*w + 2*j - 6*j = -4. What is the remainder when w is divided by -1*(-8)/u - 32/(-18)?
1
Let y = -365 - -432. What is the remainder when y is divided by 7?
4
Let g be (-2)/(-2)*(3 + -1). What is the remainder when 24 is divided by (g + 1)*30/18?
4
Let u(t) = -t - 3. Let x be u(-6). Calculate the remainder when 25/2 + x/6 is divided by 5.
3
Let v(x) = 19*x - 60. Let y be (2 + 2 - 2) + 5. Calculate the remainder when v(6) is divided by y*(4 - 4/2).
12
Suppose -90 + 365 = 5*m. Suppose 0 = -w - w - 5*f + m, 5*w - 4*f - 88 = 0. Calculate the remainder when 38 is divided by w.
18
Let w = -1725 + 3278. Calculate the remainder when w is divided by 21.
20
Calculate the remainder when 8*(2 - (-39)/(-24)) is divided by 3.
0
Suppose -15*v + 135 = -10*v. Let n be v*(40/(-6))/5. Let z = n + 54. Calculate the remainder when z is divided by 10.
8
Suppose -4*n - 4*k + 608 = 0, n - 4*k + 16 = 173. Calculate the remainder when n is divided by 44.
21
Suppose 0 = -4*u + 4 + 4. Suppose u*z + p - 36 = 0, 4 = -z + 8*p - 3*p. What is the remainder when 29 is divided by z?
13
Suppose -509 = -3*l - y, -5*l + y + 1023 = 188. What is the remainder when l is divided by 13?
12
Let n(m) = -m**2 - 11*m + 2. Let c = -601 - -678. What is the remainder when c is divided by n(-9)?
17
Suppose 0 = -2*g + g - 7. Let t(h) = h**2 + 5*h - 6. What is the remainder when (1 - (0 + 6)) + 44 is divided by t(g)?
7
Let s(k) = k**2 - 3*k - 4. Let v(x) = -7*x - 1. What is the remainder when v(-4) is divided by s(-3)?
13
Let g be (-3094)/(-21) - (-2)/3. Let d = g - 76. Let x = d - 49. What is the remainder when x is divided by 12?
11
Let c(i) = -i**3 - 9*i**2 + 19*i - 10. Let f(z) = 3*z**2 + 5*z - 10. Calculate the remainder when f(-6) is divided by c(-11).
22
Let w = 282 + -249. Calculate the remainder when 94 is divided by w.
28
Let r(a) = -8*a**2 + 374*a + 96. What is the remainder when r(47) is divided by (10/(-4) - -2)*-2?
0
Suppose -5*m = -10*m - h + 315, 5*m + 5*h = 315. What is the remainder when 2/4 + m/2 is divided by 132/18*(-3)/(-2)?
10
Let q = 156 - 137. Calculate the remainder when 94 is divided by q.
18
Let h(f) = 17*f**2 - f**3 + 3 - 3*f - 34*f**2 + 22*f**2. Calculate the remainder when 20 is divided by h(4).
6
Suppose -88*m = -78*m - 310. Calculate the remainder when 123 is divided by m.
30
Suppose -113 = -6*g + 121. Suppose -3*v + 0*v + u = -25, -5*v = -3*u - g. What is the remainder when 23 is divided by v?
5
Let u(k) = k**3 - k**2 - k + 3. Let o be u(0). Suppose 5*q + 92 = z, o*z + 256 = 6*z + 5*q. Calculate the remainder when z is divided by 30.
27
Suppose -2*o = l - o - 82, -246 = -3*l - 5*o